{"id":262,"date":"2026-04-27T07:49:58","date_gmt":"2026-04-27T07:49:58","guid":{"rendered":"https:\/\/roletysiesta.pl\/sklep\/?page_id=262"},"modified":"2026-05-04T11:31:58","modified_gmt":"2026-05-04T11:31:58","slug":"polityka-prywatnosci","status":"publish","type":"page","link":"https:\/\/roletysiesta.pl\/sklep\/polityka-prywatnosci\/","title":{"rendered":"Polityka prywatno\u015bci"},"content":{"rendered":"<h3 data-path-to-node=\"3\">POLITYKA COOKIES (PLIKI \u201eCOOKIES\u201d)<\/h3>\n<p data-path-to-node=\"4\"><b data-path-to-node=\"4\" data-index-in-node=\"0\">1. Informacje og\u00f3lne<\/b> Niniejsza Polityka Cookies okre\u015bla zasady przechowywania i uzyskiwania dost\u0119pu do informacji na urz\u0105dzeniach U\u017cytkownika za pomoc\u0105 plik\u00f3w Cookies, s\u0142u\u017c\u0105cych realizacji us\u0142ug \u015bwiadczonych drog\u0105 elektroniczn\u0105 przez Administratora serwisu <b data-path-to-node=\"4\" data-index-in-node=\"257\">roletysiesta.pl<\/b>.<\/p>\n<p data-path-to-node=\"5\"><b data-path-to-node=\"5\" data-index-in-node=\"0\">2. Administrator Danych<\/b> Administratorem serwisu oraz danych osobowych gromadzonych z wykorzystaniem plik\u00f3w cookies jest:<\/p>\n<p><strong>SIESTA Pawe\u0142 Mikrut<\/strong><br \/>\nul. Pisarka 25,<br \/>\n39-300 Mielec,<br \/>\nNIP: 8171886575<br \/>\nREGON: 18102451400000<br \/>\nAdres email: roletysiesta@gmail.com<\/p>\n<p data-path-to-node=\"6\"><b data-path-to-node=\"6\" data-index-in-node=\"0\">3. Czym s\u0105 pliki \u201ecookies\u201d?<\/b> Pliki \u201ecookies\u201d (tzw. ciasteczka) to dane informatyczne, w szczeg\u00f3lno\u015bci pliki tekstowe, kt\u00f3re przechowywane s\u0105 w urz\u0105dzeniu ko\u0144cowym U\u017cytkownika (np. komputerze, smartfonie, tablecie) i przeznaczone s\u0105 do korzystania ze stron internetowych serwisu. Cookies zazwyczaj zawieraj\u0105 nazw\u0119 strony internetowej, z kt\u00f3rej pochodz\u0105, czas przechowywania ich na urz\u0105dzeniu oraz unikalny numer.<\/p>\n<p data-path-to-node=\"7\"><b data-path-to-node=\"7\" data-index-in-node=\"0\">4. Rodzaje wykorzystywanych plik\u00f3w cookies<\/b> W ramach serwisu stosujemy dwa zasadnicze rodzaje plik\u00f3w cookies:<\/p>\n<ul data-path-to-node=\"8\">\n<li>\n<p data-path-to-node=\"8,0,0\"><b data-path-to-node=\"8,0,0\" data-index-in-node=\"0\">Cookies sesyjne:<\/b> S\u0105 plikami tymczasowymi, kt\u00f3re przechowywane s\u0105 w urz\u0105dzeniu ko\u0144cowym U\u017cytkownika do czasu wylogowania, opuszczenia strony internetowej lub wy\u0142\u0105czenia oprogramowania (przegl\u0105darki internetowej).<\/p>\n<\/li>\n<li>\n<p data-path-to-node=\"8,1,0\"><b data-path-to-node=\"8,1,0\" data-index-in-node=\"0\">Cookies sta\u0142e:<\/b> Przechowywane s\u0105 w urz\u0105dzeniu ko\u0144cowym U\u017cytkownika przez czas okre\u015blony w parametrach plik\u00f3w cookies lub do czasu ich usuni\u0119cia przez U\u017cytkownika.<\/p>\n<\/li>\n<\/ul>\n<p data-path-to-node=\"9\"><b data-path-to-node=\"9\" data-index-in-node=\"0\">5. Cele wykorzystywania plik\u00f3w cookies<\/b> Serwis roletysiesta.pl wykorzystuje pliki cookies w nast\u0119puj\u0105cych celach:<\/p>\n<ul data-path-to-node=\"10\">\n<li>\n<p data-path-to-node=\"10,0,0\"><b data-path-to-node=\"10,0,0\" data-index-in-node=\"0\">Niezb\u0119dne:<\/b> Umo\u017cliwienie prawid\u0142owego dzia\u0142ania strony, utrzymanie sesji U\u017cytkownika po zalogowaniu (je\u015bli dotyczy) oraz zapewnienie bezpiecze\u0144stwa.<\/p>\n<\/li>\n<li>\n<p data-path-to-node=\"10,1,0\"><b data-path-to-node=\"10,1,0\" data-index-in-node=\"0\">Funkcjonalne:<\/b> Zapami\u0119tanie wybranych przez U\u017cytkownika ustawie\u0144 i personalizacja interfejsu (np. j\u0119zyk, rozmiar czcionki).<\/p>\n<\/li>\n<li>\n<p data-path-to-node=\"10,2,0\"><b data-path-to-node=\"10,2,0\" data-index-in-node=\"0\">Statystyczne i analityczne:<\/b> Pomoc w zrozumieniu, w jaki spos\u00f3b U\u017cytkownicy korzystaj\u0105 ze strony, co umo\u017cliwia ulepszanie jej struktury i zawarto\u015bci (np. za pomoc\u0105 narz\u0119dzia Google Analytics).<\/p>\n<\/li>\n<li>\n<p data-path-to-node=\"10,3,0\"><b data-path-to-node=\"10,3,0\" data-index-in-node=\"0\">Marketingowe (opcjonalnie):<\/b> Dopasowanie tre\u015bci reklamowych do zainteresowa\u0144 U\u017cytkownika.<\/p>\n<\/li>\n<\/ul>\n<p data-path-to-node=\"11\"><b data-path-to-node=\"11\" data-index-in-node=\"0\">6. Zarz\u0105dzanie plikami cookies<\/b> Wi\u0119kszo\u015b\u0107 przegl\u0105darek internetowych domy\u015blnie dopuszcza przechowywanie plik\u00f3w cookies w urz\u0105dzeniu ko\u0144cowym. U\u017cytkownik mo\u017ce w ka\u017cdej chwili dokona\u0107 zmiany ustawie\u0144 dotycz\u0105cych plik\u00f3w cookies:<\/p>\n<ul data-path-to-node=\"12\">\n<li>\n<p data-path-to-node=\"12,0,0\">Mo\u017cna zablokowa\u0107 automatyczn\u0105 obs\u0142ug\u0119 plik\u00f3w cookies w ustawieniach przegl\u0105darki.<\/p>\n<\/li>\n<li>\n<p data-path-to-node=\"12,1,0\">Mo\u017cna ustawi\u0107 informowanie o ich ka\u017cdorazowym zamieszczeniu w urz\u0105dzeniu.<\/p>\n<\/li>\n<li>\n<p data-path-to-node=\"12,2,0\">Szczeg\u00f3\u0142owe informacje o mo\u017cliwo\u015bci i sposobach obs\u0142ugi plik\u00f3w cookies dost\u0119pne s\u0105 w ustawieniach oprogramowania (przegl\u0105darki internetowej \u2013 np. Chrome, Firefox, Safari, Edge).<\/p>\n<\/li>\n<\/ul>\n<p data-path-to-node=\"13\"><b data-path-to-node=\"13\" data-index-in-node=\"0\">7. Skutki ograniczenia stosowania cookies<\/b> Ograniczenie stosowania plik\u00f3w cookies mo\u017ce wp\u0142yn\u0105\u0107 na niekt\u00f3re funkcjonalno\u015bci dost\u0119pne na stronie internetowej roletysiesta.pl, a w skrajnych przypadkach mo\u017ce uniemo\u017cliwi\u0107 poprawne korzystanie z serwisu (np. procesu sk\u0142adania zam\u00f3wienia w sklepie).<\/p>\n<p data-path-to-node=\"14\"><b data-path-to-node=\"14\" data-index-in-node=\"0\">8. Zmiany w polityce cookies<\/b> Administrator zastrzega sobie prawo do wprowadzania zmian w niniejszej polityce w dowolnym czasie, np. w zwi\u0105zku ze zmianami w przepisach prawa lub rozwojem technologicznym strony.<\/p>\n","protected":false},"excerpt":{"rendered":"<p>POLITYKA COOKIES (PLIKI \u201eCOOKIES\u201d) 1. Informacje og\u00f3lne Niniejsza Polityka Cookies okre\u015bla zasady przechowywania i uzyskiwania dost\u0119pu do informacji na urz\u0105dzeniach U\u017cytkownika za pomoc\u0105 plik\u00f3w Cookies, s\u0142u\u017c\u0105cych realizacji us\u0142ug \u015bwiadczonych drog\u0105 [&hellip;]<\/p>\n","protected":false},"author":1,"featured_media":0,"parent":0,"menu_order":0,"comment_status":"closed","ping_status":"closed","template":"","meta":{"pagelayer_contact_templates":[],"_pagelayer_content":"","footnotes":""},"class_list":["post-262","page","type-page","status-publish","hentry"],"jetpack_sharing_enabled":true,"_links":{"self":[{"href":"https:\/\/roletysiesta.pl\/sklep\/wp-json\/wp\/v2\/pages\/262","targetHints":{"allow":["GET"]}}],"collection":[{"href":"https:\/\/roletysiesta.pl\/sklep\/wp-json\/wp\/v2\/pages"}],"about":[{"href":"https:\/\/roletysiesta.pl\/sklep\/wp-json\/wp\/v2\/types\/page"}],"author":[{"embeddable":true,"href":"https:\/\/roletysiesta.pl\/sklep\/wp-json\/wp\/v2\/users\/1"}],"replies":[{"embeddable":true,"href":"https:\/\/roletysiesta.pl\/sklep\/wp-json\/wp\/v2\/comments?post=262"}],"version-history":[{"count":6,"href":"https:\/\/roletysiesta.pl\/sklep\/wp-json\/wp\/v2\/pages\/262\/revisions"}],"predecessor-version":[{"id":317,"href":"https:\/\/roletysiesta.pl\/sklep\/wp-json\/wp\/v2\/pages\/262\/revisions\/317"}],"wp:attachment":[{"href":"https:\/\/roletysiesta.pl\/sklep\/wp-json\/wp\/v2\/media?parent=262"}],"curies":[{"name":"wp","href":"https:\/\/api.w.org\/{rel}","templated":true}]}}